he prime factors of (-1 - (1 + 4)) + 7861 + 4.
29, 271
Let u(r) = 15*r**3 - 14*r**2 - 11*r + 12. Let k(d) = 7*d**3 - 8*d**2 - 6*d + 6. Let j(q) = 7*k(q) - 4*u(q). What are the prime factors of j(-3)?
3, 5, 19
Suppose 750*i = 731*i + 325033. What are the prime factors of i?
17107
List the prime factors of (-48)/(-10)*(-1279650)/(-171) + 9.
19, 31, 61
Suppose 2*d + d + 117 = 3*q, -39 = -q - 2*d. Suppose -q - 16 = -11*s. List the prime factors of 382*(3 + -4)*s/(-10).
191
Suppose 0 = -u + 3*n + 46, 3*u - 16*n + 12*n - 148 = 0. Suppose -x + u = -67. List the prime factors of x.
7, 17
Let t be ((9/(-4))/1)/(3/8). Let c(z) = -z**2 - 10*z - 19. Let m be c(t). Suppose m*j = -2*j + 49. What are the prime factors of j?
7
Let l(s) = 1921*s - 1. Let k be l(1). Suppose -2*y + 4854 = k. List the prime factors of (-1)/((y/123)/3 + -4).
41
Suppose 5*z + 5*p - 775 = 0, -p + 0 = -3. Suppose 288 + z = 2*j. What are the prime factors of j?
2, 5, 11
Suppose 3*a = t + 18, 4*t - 5*a - 27 = -85. Let q(c) = -91*c - 18. What are the prime factors of q(t)?
2, 3, 179
Suppose -4*o + 296 = -192. Suppose 3*i = -29 - 46. What are the prime factors of (-1 - o/(-10))/((-2)/i)?
2, 5, 7
Let s(k) = 9*k**3 + 14*k**2 + k - 8. List the prime factors of s(7).
2, 23, 41
List the prime factors of 503118/385 - 2/(-10).
1307
Suppose 5 = -2*i + 2*p + 21, 17 = -i - 4*p. Suppose 1205 = -3*r - 2*z, 3*z - 409 = -i*r + 4*r. What are the prime factors of (-3)/18 - r/6?
67
Let z(w) = 219*w**2 - 7*w - 1. Let i be z(1). Suppose 4*x = 5*s - 1427, 2*x + i = s - 78. What are the prime factors of s?
283
Suppose -4*w = w - 60. Suppose -235 = -u + w. Let m = u + -64. List the prime factors of m.
3, 61
Suppose 0 = 12*o - 11*o - 56. Let j = -74 + o. List the prime factors of 2 + (-39)/18 - 1749/j.
97
Let u be 3972*(114/24 - 4). Let d = -1807 + u. What are the prime factors of d?
2, 293
Let h(g) = 2*g**3 + 6*g**2 - 12*g + 8. Let o be h(5). Suppose -4*c + 280 + o = t, 0 = 2*c. List the prime factors of t.
2, 157
Suppose -2*s - 230 = 3*q + 292, -3*q - 516 = 4*s. Let p = q + 243. List the prime factors of p.
67
Suppose 96*v + 4*p + 2448 = 97*v, 5*v - 5*p - 12225 = 0. List the prime factors of v.
2, 13, 47
Let p = 7998 - 5482. Suppose -2*c - 632 = -v, -3*c - p = -4*v + 2*c. What are the prime factors of v?
2, 3, 13
Let m = 5514 + -2301. What are the prime factors of m?
3, 7, 17
Let z(l) = -l**2 + 10*l + 1. Let p(m) = m**2. Let r(u) = -2*p(u) - z(u). Let y be r(-10). List the prime factors of ((-88)/3)/(y/3).
2, 11
Let s(g) = -11*g**3 + 43*g**2 + 43*g + 262. List the prime factors of s(-11).
29, 677
Let h(t) = 85*t - 307. Let z(a) = -169*a + 612. Let v(o) = 11*h(o) + 6*z(o). List the prime factors of v(-8).
3, 103
Let o be ((-3 + 2)/(-1))/(26/130). Suppose -4*n + 20 = 0, 148 = o*t + 4*n - 3412. List the prime factors of t.
2, 3, 59
Suppose a - 1500 = 5*m, 2*m = -2*a - 120 + 3168. Suppose -4*u + a = 420. List the prime factors of u.
5, 11
Suppose 18*o = -130 + 3478. List the prime factors of o.
2, 3, 31
Suppose -633465 + 243445 = -5*w. List the prime factors of w.
2, 19501
Let k be 6/(-15) - (-3252)/30. Suppose -18 = -3*j - k. List the prime factors of (6/(-4))/(j/680).
2, 17
Suppose -x + 20 = -3*w + 4*x, 3*x - 12 = 2*w. Suppose -3*s + 2*u = -w*s - 1, 6 = -2*s - 2*u. What are the prime factors of (4/14 - 947/7)/s?
3, 5
Let a(x) = -x**3 + 6*x**2 - 12*x + 4. Let g(i) = i**3 + 19*i**2 + 17*i - 14. Let h be g(-18). Let y be a(h). What are the prime factors of y/42 + 401/7?
3, 19
Let q be 7 - (3 - (3 + 0)). Let t(c) = -3 + 19*c - 20 - 6*c**2 + q*c - 17*c + c**3. What are the prime factors of t(7)?
89
Let q(o) = o**3 - o**2 - 16*o + 16. Let i be q(4). Suppose -4*h - 2*x + 5170 = i, -2*h + 5*x = -3*h + 1279. What are the prime factors of h?
2, 647
What are the prime factors of 188/((30/4)/15)?
2, 47
Suppose 128*y = 78*y + 7500. Suppose -5*r = 3*j - 10, -2*r + 2 = 5*j - 2. Suppose -2*a + 626 = 5*c, r*a + 232 + y = 3*c. List the prime factors of c.
2, 3, 7
What are the prime factors of 15/(-9)*542967/(-145)?
79
List the prime factors of (-2)/(-2) + 467/(-7 - -8)*5.
2, 73
Let i(b) = -b**3 + 20*b**2 - 4*b + 83. Let t be i(20). Suppose r + c - 396 = t*c, 4*r - c - 1584 = 0. List the prime factors of r.
2, 3, 11
Let c(m) = 148*m + 2138. What are the prime factors of c(101)?
2, 8543
Suppose -44*h = -74*h + 77850. What are the prime factors of h?
3, 5, 173
Let h = -18 - -36. Suppose 297 = 5*o + 3*m, 0 = -3*o - 3*m - h + 201. Suppose -3*g = -4*z - o, -2*g - z = -0*z - 38. List the prime factors of g.
19
Let g(n) = 3*n**2 - 2*n - 1. Suppose 5*i + 106 = -34. Let l = i + 35. What are the prime factors of g(l)?
2, 3, 11
Let p = -37667 + 67909. What are the prime factors of p?
2, 15121
Suppose -g + 2*d + 18786 = 0, g - 176*d = -178*d + 18754. List the prime factors of g.
2, 5, 1877
List the prime factors of (-6 + 0)/(14/(-52878)).
2, 3, 1259
Suppose -4*i + 17 - 1 = 0. Let y(c) = 2*c + 11. Let k be y(i). Let u = k - -152. What are the prime factors of u?
3, 19
Let o(u) be the first derivative of 23*u**2/2 + u + 6. Let v be (50/15)/((-2)/(-3)). List the prime factors of o(v).
2, 29
Let g(z) = -17*z + 118. Let w be g(-8). Let t = w - 138. What are the prime factors of t?
2, 29
Let q be (42 - 18)/(2/1). Suppose 2148 = q*b + 60. What are the prime factors of b?
2, 3, 29
Suppose 0 = 16*v + v - 5508. What are the prime factors of -4 + (-4 + -26)/(-5) + v?
2, 163
Suppose 1205*w = 1191*w + 159530. List the prime factors of w.
5, 43, 53
What are the prime factors of ((-26092)/(-14))/(24 - (-166)/(-7))?
11, 593
What are the prime factors of ((-25636)/8 - -7)*4/(-5) - -5?
11, 233
Let r be (-8)/(16/1)*-4. Suppose -k + 735 = -0*k + r*i, 5 = i. What are the prime factors of k?
5, 29
Suppose 4*j + 6*l = 3*l - 165, j = -2*l - 45. What are the prime factors of (-6)/j + 3/(156/14968)?
2, 3
Let t = -10464 - -64706. What are the prime factors of t?
2, 37, 733
Let j(p) = 511*p**2 - 3*p - 69*p**2 - 5 - 2*p. Let h be j(-1). Let i = h - 271. List the prime factors of i.
3, 19
Let f be (-1 + 0 - 2)*(-3)/3. Suppose f*z - 18 = -n + 23, z - 15 = n. List the prime factors of (-10)/35 - ((-3204)/z)/3.
2, 19
Suppose 0 = 14*l + 906 - 10818. Let w = 1315 - l. What are the prime factors of w?
607
Let a(s) = s**3 + 28*s**2 - 10*s + 59. What are the prime factors of a(-24)?
19, 137
Suppose -11*j - 16930 + 70159 = 0. List the prime factors of j.
3, 1613
Let v = 530 - 155. List the prime factors of (304/190)/(2/v).
2, 3, 5
Let o = -95 - -67. List the prime factors of 2*o/3*-12.
2, 7
List the prime factors of 13998/(39/195 - (-1)/(-5)*-9).
3, 2333
What are the prime factors of -24*(142740/(-80) + 23)?
2, 3, 5, 1409
Suppose 0 = -170*s + 166*s - 28, 42763 = t - 5*s. List the prime factors of t.
2, 7, 109
Suppose -15835 = -20*p + 15*p - 3*q, -3*p + 9501 = -5*q. What are the prime factors of p?
3167
List the prime factors of 11/(-44)*-4 - -8142.
17, 479
Suppose 5*o - 3*n - 5 = 11, -2*n + 6 = 0. Suppose -o*k + 2*k + 5*l + 814 = 0, -1104 = -4*k + 2*l. List the prime factors of k.
2, 139
Suppose -3*g + 14 = 5. Suppose h - g - 3 = p, 0 = 2*p + 2. Suppose -2*d - 5*c + 148 + 65 = 0, 3*d + h*c = 322. What are the prime factors of d?
109
Suppose 5*b - 1806 = -s, -5*b + 1749 = 5*s - 61. Suppose 2946 = -358*f + b*f. What are the prime factors of f?
2, 491
Let q(n) = 12*n - 6. Let m(b) = 10*b - 9. Let t be m(1). Let h be q(t). Let y = 320 - h. List the prime factors of y.
2, 157
Let s(a) = -a**3 + 7*a**2 + 4*a + 35. Let x be s(8). Suppose -3*t - 3464 = -4*g, -x*g - 4*t + 1256 + 1342 = 0. List the prime factors of g.
2, 433
Let j be (-8)/6 - (-28)/3. Suppose 5*o + 2*z = 2166, 3*o - 3*z = -j*z + 1292. Let l = o + -294. List the prime factors of l.
2, 5, 7
Let p(f) = f**2 - 44. Let t be p(7). Suppose 2*b - 1846 = 3*q, -21*q = -t*b - 19*q + 4637. What are the prime factors of b?
929
Let s = -1120 + 2089. List the prime factors of s.
3, 17, 19
Suppose 8758321 = -259*s + 402*s. List the prime factors of s.
73, 839
Let k be 3*(1 + (-111)/9). Let c be (-3717)/49 - 4/28. Let r = k - c. What are the prime factors of r?
2, 3, 7
List the prime factors of 48843/(-6)*(-1 - (-80)/(-48)) + -6.
2, 3, 3617
Let x be (4/(16/(-76)))/1. Let p be x/38*2*2. List the prime factors of 2 - (-566)/5 - p/(-10)